{"id":13986,"date":"2024-01-09T11:03:04","date_gmt":"2024-01-09T11:03:04","guid":{"rendered":"http:\/\/174.138.1.43\/index.php\/contact\/"},"modified":"2026-03-03T20:23:41","modified_gmt":"2026-03-03T19:23:41","slug":"contact","status":"publish","type":"page","link":"http:\/\/174.138.1.43\/index.php\/contact\/","title":{"rendered":"Contact"},"content":{"rendered":"\t\t<div data-elementor-type=\"wp-page\" data-elementor-id=\"13986\" class=\"elementor elementor-13986\" data-elementor-post-type=\"page\">\n\t\t\t\t<div class=\"elementor-element elementor-element-ff0f06f e-con-full e-flex e-con e-parent\" data-id=\"ff0f06f\" data-element_type=\"container\" data-e-type=\"container\">\n\t\t<div class=\"elementor-element elementor-element-9f21160 e-flex e-con-boxed e-con e-child\" data-id=\"9f21160\" data-element_type=\"container\" data-e-type=\"container\">\n\t\t\t\t\t<div class=\"e-con-inner\">\n\t\t\t\t<div class=\"elementor-element elementor-element-d351acf elementor-widget elementor-widget-the7-heading\" data-id=\"d351acf\" data-element_type=\"widget\" data-e-type=\"widget\" data-widget_type=\"the7-heading.default\">\n\t\t\t\t<div class=\"elementor-widget-container\">\n\t\t\t\t\t<h3 class=\"the7-heading-title elementor-size-default\">Contactez-nous !<\/h3>\t\t\t\t<\/div>\n\t\t\t\t<\/div>\n\t\t\t\t<div class=\"elementor-element elementor-element-6942b64 elementor-widget elementor-widget-global elementor-global-16758 elementor-widget-spacer\" data-id=\"6942b64\" data-element_type=\"widget\" data-e-type=\"widget\" data-widget_type=\"spacer.default\">\n\t\t\t\t\t\t\t<div class=\"elementor-spacer\">\n\t\t\t<div class=\"elementor-spacer-inner\"><\/div>\n\t\t<\/div>\n\t\t\t\t\t\t<\/div>\n\t\t\t\t\t<\/div>\n\t\t\t\t<\/div>\n\t\t<div class=\"elementor-element elementor-element-4a80ff7 e-flex e-con-boxed e-con e-child\" data-id=\"4a80ff7\" data-element_type=\"container\" data-e-type=\"container\">\n\t\t\t\t\t<div class=\"e-con-inner\">\n\t\t<div class=\"elementor-element elementor-element-17bcd51 e-con-full e-flex e-con e-child\" data-id=\"17bcd51\" data-element_type=\"container\" data-e-type=\"container\">\n\t\t<div class=\"elementor-element elementor-element-f4d6682 e-flex e-con-boxed e-con e-child\" data-id=\"f4d6682\" data-element_type=\"container\" data-e-type=\"container\">\n\t\t\t\t\t<div class=\"e-con-inner\">\n\t\t<div class=\"elementor-element elementor-element-8f23807 e-flex e-con-boxed e-con e-child\" data-id=\"8f23807\" data-element_type=\"container\" data-e-type=\"container\">\n\t\t\t\t\t<div class=\"e-con-inner\">\n\t\t\t\t<div class=\"elementor-element elementor-element-08adfc1 elementor-widget elementor-widget-html\" data-id=\"08adfc1\" data-element_type=\"widget\" data-e-type=\"widget\" data-widget_type=\"html.default\">\n\t\t\t\t\t<div style=\"display: flex; align-items: flex-start; gap: 15px; margin-bottom: 20px;\">\r\n  <img decoding=\"async\" src=\"http:\/\/174.138.1.43\/wp-content\/uploads\/2026\/03\/secretariat_1.jpg\" \r\n       alt=\"Secr\u00e9tariat\" \r\n       style=\"width: 60px; height: 60px; border-radius: 50%; object-fit: cover; border: 2px solid #63b030; flex-shrink: 0;\">\r\n  <div>\r\n    <h5 style=\"margin: 0 0 10px 0; color: #2d5016;\">Secr\u00e9tariat<\/h5>\r\n    <strong>Lun-Ven 9h30\u201311h30<\/strong> (sauf jours f\u00e9ri\u00e9s)<br>\r\n    En p\u00e9riode de vacances : <strong>lun, mer, ven 9h30\u201311h30<\/strong><br>\r\n    <a href=\"tel:+3223959236\">\ud83d\udcde 02\/395.92.36<\/a><br>\r\n    <a href=\"mailto:up.enghiensilly@gmail.com\">\u2709\ufe0f up.enghiensilly@gmail.com<\/a>\r\n  <\/div>\r\n<\/div>\r\n\t\t\t\t<\/div>\n\t\t\t\t\t<\/div>\n\t\t\t\t<\/div>\n\t\t<div class=\"elementor-element elementor-element-fe27a27 e-con-full e-flex e-con e-child\" data-id=\"fe27a27\" data-element_type=\"container\" data-e-type=\"container\">\n\t\t<div class=\"elementor-element elementor-element-fe771c1 e-con-full e-flex e-con e-child\" data-id=\"fe771c1\" data-element_type=\"container\" data-e-type=\"container\">\n\t\t\t\t<div class=\"elementor-element elementor-element-f6e2194 elementor-widget elementor-widget-html\" data-id=\"f6e2194\" data-element_type=\"widget\" data-e-type=\"widget\" data-widget_type=\"html.default\">\n\t\t\t\t\t<div style=\"display: flex; align-items: flex-start; gap: 15px; margin-bottom: 20px;\">\r\n  <img decoding=\"async\" src=\"http:\/\/174.138.1.43\/wp-content\/uploads\/2026\/03\/secretariat_2.jpg\" \r\n       alt=\"Martine Sohier\" \r\n       style=\"width: 60px; height: 60px; border-radius: 50%; object-fit: cover; border: 2px solid #63b030; flex-shrink: 0;\">\r\n  <div>\r\n    <h5 style=\"margin: 0 0 10px 0; color: #2d5016;\">Cat\u00e9ch\u00e8se<\/h5>\r\n    <strong>mer 16h30\u201318h30<\/strong> \u00e0 l'\u00e9glise d'Enghien.<br>\r\n    C\u00f4t\u00e9 secr\u00e9tariat (sonner \u00e0 la petite porte face au caf\u00e9 \u00ab L'Antre Temps \u00bb).<br><br>\r\n    <strong>Mme Martine Sohier<\/strong>, animatrice en pastorale<br>\r\n    <a href=\"tel:+3223959236\">\ud83d\udcde 02\/395.92.36<\/a><br>\r\n    <a href=\"mailto:somarti64@yahoo.fr\">\u2709\ufe0f somarti64@yahoo.fr<\/a><br><br>\r\n     <em>Pour toute question li\u00e9e \u00e0 la pr\u00e9paration des enfants et des jeunes aux sacrements de l'initiation.<br>\r\n    Elle se fera un plaisir de r\u00e9pondre \u00e0 vos questions.<\/em>\r\n  <\/div>\r\n<\/div>\r\n\t\t\t\t<\/div>\n\t\t\t\t<\/div>\n\t\t\t\t<\/div>\n\t\t<div class=\"elementor-element elementor-element-4423fc1 e-flex e-con-boxed e-con e-child\" data-id=\"4423fc1\" data-element_type=\"container\" data-e-type=\"container\">\n\t\t\t\t\t<div class=\"e-con-inner\">\n\t\t\t\t<div class=\"elementor-element elementor-element-3a2b55b elementor-widget elementor-widget-html\" data-id=\"3a2b55b\" data-element_type=\"widget\" data-e-type=\"widget\" data-widget_type=\"html.default\">\n\t\t\t\t\t<h5 style=\"color: #2d5016; margin-bottom: 20px; padding-left: 75px;\">Pr\u00eatres et diacres<\/h5>\r\n\r\n\r\n<div style=\"display: flex; align-items: flex-start; gap: 15px; margin-bottom: 20px;\">\r\n  <img decoding=\"async\" src=\"http:\/\/174.138.1.43\/wp-content\/uploads\/2026\/03\/theo_kisalu.jpg\" alt=\"Th\u00e9o Kisalu\" style=\"width: 60px; height: 60px; border-radius: 50%; object-fit: cover; border: 2px solid #63b030; flex-shrink: 0;\">\r\n  <div>\r\n    <strong>Abb\u00e9 Th\u00e9o Kisalu<\/strong>, cur\u00e9-doyen<br>\r\n    Rue de la Fontaine 22, 7850 Enghien<br>\r\n    <a href=\"tel:+32475548377\">\ud83d\udcde 0475\/54.83.77<\/a><br>\r\n    <a href=\"mailto:kisalutheo@yahoo.fr\">\u2709\ufe0f kisalutheo@yahoo.fr<\/a>\r\n  <\/div>\r\n<\/div>\r\n\r\n<div style=\"display: flex; align-items: flex-start; gap: 15px; margin-bottom: 20px;\">\r\n  <img decoding=\"async\" src=\"http:\/\/174.138.1.43\/wp-content\/uploads\/2026\/03\/honore_kabuanga.jpg\" alt=\"Honor\u00e9 Kabuanga\" style=\"width: 60px; height: 60px; border-radius: 50%; object-fit: cover; border: 2px solid #63b030; flex-shrink: 0;\">\r\n  <div>\r\n    <strong>Abb\u00e9 Honor\u00e9 Kabuanga<\/strong>, vicaire<br>\r\n    Rue de la Fontaine 16 Bte 8, 7850 Enghien<br>\r\n    <a href=\"tel:+3223956146\">\ud83d\udcde 02\/395.61.46<\/a> | <a href=\"tel:+32465161035\">\ud83d\udcde 0465\/16.10.35<\/a><br>\r\n    <a href=\"mailto:hkabuangaakum@yahoo.fr\">\u2709\ufe0f hkabuangaakum@yahoo.fr<\/a>\r\n  <\/div>\r\n<\/div>\r\n\r\n<div style=\"display: flex; align-items: flex-start; gap: 15px; margin-bottom: 20px;\">\r\n  <img decoding=\"async\" src=\"http:\/\/174.138.1.43\/wp-content\/uploads\/2026\/03\/germain_deridder.jpg\" alt=\"Germain Deridder\" style=\"width: 60px; height: 60px; border-radius: 50%; object-fit: cover; border: 2px solid #63b030; flex-shrink: 0;\">\r\n  <div>\r\n    <strong>Diacre Germain Deridder<\/strong>, diacre<br>\r\n    Boulevard d'Arenberg 53 Bte 13, 7850 Enghien<br>\r\n    <a href=\"tel:+32499235882\">\ud83d\udcde 0499\/23.58.82<\/a><br>\r\n    <a href=\"mailto:deridderisa@hotmail.com\">\u2709\ufe0f deridderisa@hotmail.com<\/a>\r\n  <\/div>\r\n<\/div>\r\n\r\n<!-- Les deux derniers sans photo -->\r\n<div style=\"display: flex; align-items: flex-start; gap: 15px; margin-bottom: 20px;\">\r\n  <div style=\"width: 60px; height: 60px; flex-shrink: 0;\"><\/div>\r\n  <div>\r\n    <strong>Abb\u00e9 Andr\u00e9 Delzelle<\/strong><br>\r\n    <a href=\"tel:+32489733362\">\ud83d\udcde 0489\/73.33.62<\/a>\r\n  <\/div>\r\n<\/div>\r\n\r\n<div style=\"display: flex; align-items: flex-start; gap: 15px; margin-bottom: 20px;\">\r\n  <div style=\"width: 60px; height: 60px; flex-shrink: 0;\"><\/div>\r\n  <div>\r\n    <strong>Abb\u00e9 Emiel Hribersek<\/strong><br>\r\n    <em>En convalescence<\/em>\r\n    <br><br>\r\n    <p style=\"margin-bottom: 20px;\">\r\n  <em>Les pr\u00eatres et diacres de l'unit\u00e9 pastorale restent \u00e0 votre \u00e9coute par t\u00e9l\u00e9phone pour un moment de dialogue plus personnel.<\/em>\r\n<\/p>\r\n  <\/div>\r\n<\/div>\r\n\r\n<hr style=\"border: none; border-top: 2px solid #63b030; margin: 20px 0\" \/>\r\n\t\t\t\t<\/div>\n\t\t<div class=\"elementor-element elementor-element-1da9371 e-con-full e-flex e-con e-child\" data-id=\"1da9371\" data-element_type=\"container\" data-e-type=\"container\">\n\t\t\t\t<div class=\"elementor-element elementor-element-3ad6302 elementor-align-left elementor-widget elementor-widget-the7_icon_widget\" data-id=\"3ad6302\" data-element_type=\"widget\" data-e-type=\"widget\" data-widget_type=\"the7_icon_widget.default\">\n\t\t\t\t<div class=\"elementor-widget-container\">\n\t\t\t\t\t<div class=\"the7-icon-wrapper the7-elementor-widget\"><a class=\"elementor-icon\" href=\"https:\/\/www.facebook.com\/profile.php?id=100064702928096#\"><svg xmlns=\"http:\/\/www.w3.org\/2000\/svg\" viewBox=\"0 0 24 24\"><title>Facebook<\/title><path d=\"M9.101 23.691v-7.98H6.627v-3.667h2.474v-1.58c0-4.085 1.848-5.978 5.858-5.978.401 0 .955.042 1.468.103a8.68 8.68 0 0 1 1.141.195v3.325a8.623 8.623 0 0 0-.653-.036 26.805 26.805 0 0 0-.733-.009c-.707 0-1.259.096-1.675.309a1.686 1.686 0 0 0-.679.622c-.258.42-.374.995-.374 1.752v1.297h3.919l-.386 2.103-.287 1.564h-3.246v8.245C19.396 23.238 24 18.179 24 12.044c0-6.627-5.373-12-12-12s-12 5.373-12 12c0 5.628 3.874 10.35 9.101 11.647Z\"><\/path><\/svg><\/a><\/div>\t\t\t\t<\/div>\n\t\t\t\t<\/div>\n\t\t\t\t<\/div>\n\t\t\t\t\t<\/div>\n\t\t\t\t<\/div>\n\t\t\t\t\t<\/div>\n\t\t\t\t<\/div>\n\t\t\t\t<\/div>\n\t\t<div class=\"elementor-element elementor-element-14062c6 e-con-full e-flex e-con e-child\" data-id=\"14062c6\" data-element_type=\"container\" data-e-type=\"container\" data-settings=\"{&quot;background_background&quot;:&quot;classic&quot;}\">\n\t\t\t\t<div class=\"elementor-element elementor-element-61791e7 elementor-widget elementor-widget-the7-heading\" data-id=\"61791e7\" data-element_type=\"widget\" data-e-type=\"widget\" data-widget_type=\"the7-heading.default\">\n\t\t\t\t<div class=\"elementor-widget-container\">\n\t\t\t\t\t<h2 class=\"the7-heading-title elementor-size-default\">Envoyez-nous un message<\/h2>\t\t\t\t<\/div>\n\t\t\t\t<\/div>\n\t\t\t\t<div class=\"elementor-element elementor-element-a2d1137 elementor-widget elementor-widget-text-editor\" data-id=\"a2d1137\" data-element_type=\"widget\" data-e-type=\"widget\" data-widget_type=\"text-editor.default\">\n\t\t\t\t\t\t\t\t\t<p><em>Vous avez une question ? Remplissez le formulaire ci-dessous et nous vous r\u00e9pondrons dans les plus brefs d\u00e9lais.<\/em><\/p>\t\t\t\t\t\t\t\t<\/div>\n\t\t\t\t<div class=\"elementor-element elementor-element-f57b292 elementor-widget__width-inherit elementor-button-align-stretch elementor-widget elementor-widget-form\" data-id=\"f57b292\" data-element_type=\"widget\" data-e-type=\"widget\" data-settings=\"{&quot;step_next_label&quot;:&quot;Next&quot;,&quot;step_previous_label&quot;:&quot;Previous&quot;,&quot;button_width&quot;:&quot;100&quot;,&quot;step_type&quot;:&quot;number_text&quot;,&quot;step_icon_shape&quot;:&quot;circle&quot;}\" data-widget_type=\"form.default\">\n\t\t\t\t\t\t\t<form class=\"elementor-form\" method=\"post\" name=\"New Form\" aria-label=\"New Form\">\n\t\t\t<input type=\"hidden\" name=\"post_id\" value=\"13986\"\/>\n\t\t\t<input type=\"hidden\" name=\"form_id\" value=\"f57b292\"\/>\n\t\t\t<input type=\"hidden\" name=\"referer_title\" value=\"Contact\" \/>\n\n\t\t\t\t\t\t\t<input type=\"hidden\" name=\"queried_id\" value=\"13986\"\/>\n\t\t\t\n\t\t\t<div class=\"elementor-form-fields-wrapper elementor-labels-above\">\n\t\t\t\t\t\t\t\t<div class=\"elementor-field-type-text elementor-field-group elementor-column elementor-field-group-name elementor-col-50 elementor-md-100 elementor-field-required elementor-mark-required\">\n\t\t\t\t\t\t\t\t\t\t\t\t<label for=\"form-field-name\" class=\"elementor-field-label\">\n\t\t\t\t\t\t\t\tNom & Pr\u00e9nom\t\t\t\t\t\t\t<\/label>\n\t\t\t\t\t\t\t\t\t\t\t\t\t\t<input size=\"1\" type=\"text\" name=\"form_fields[name]\" id=\"form-field-name\" class=\"elementor-field elementor-size-md  elementor-field-textual\" placeholder=\"Nom &amp; Pr\u00e9nom\" required=\"required\">\n\t\t\t\t\t\t\t\t\t\t\t<\/div>\n\t\t\t\t\t\t\t\t<div class=\"elementor-field-type-email elementor-field-group elementor-column elementor-field-group-email elementor-col-50 elementor-md-100 elementor-field-required elementor-mark-required\">\n\t\t\t\t\t\t\t\t\t\t\t\t<label for=\"form-field-email\" class=\"elementor-field-label\">\n\t\t\t\t\t\t\t\tEmail\t\t\t\t\t\t\t<\/label>\n\t\t\t\t\t\t\t\t\t\t\t\t\t\t<input size=\"1\" type=\"email\" name=\"form_fields[email]\" id=\"form-field-email\" class=\"elementor-field elementor-size-md  elementor-field-textual\" placeholder=\"Email\" required=\"required\">\n\t\t\t\t\t\t\t\t\t\t\t<\/div>\n\t\t\t\t\t\t\t\t<div class=\"elementor-field-type-text elementor-field-group elementor-column elementor-field-group-field_2074ad8 elementor-col-50 elementor-md-100\">\n\t\t\t\t\t\t\t\t\t\t\t\t<label for=\"form-field-field_2074ad8\" class=\"elementor-field-label\">\n\t\t\t\t\t\t\t\tT\u00e9l\u00e9phone\t\t\t\t\t\t\t<\/label>\n\t\t\t\t\t\t\t\t\t\t\t\t\t\t<input size=\"1\" type=\"text\" name=\"form_fields[field_2074ad8]\" id=\"form-field-field_2074ad8\" class=\"elementor-field elementor-size-md  elementor-field-textual\" placeholder=\"T\u00e9l\u00e9phone\">\n\t\t\t\t\t\t\t\t\t\t\t<\/div>\n\t\t\t\t\t\t\t\t<div class=\"elementor-field-type-text elementor-field-group elementor-column elementor-field-group-field_6f5281b elementor-col-50 elementor-md-100\">\n\t\t\t\t\t\t\t\t\t\t\t\t<label for=\"form-field-field_6f5281b\" class=\"elementor-field-label\">\n\t\t\t\t\t\t\t\tObjet\t\t\t\t\t\t\t<\/label>\n\t\t\t\t\t\t\t\t\t\t\t\t\t\t<input size=\"1\" type=\"text\" name=\"form_fields[field_6f5281b]\" id=\"form-field-field_6f5281b\" class=\"elementor-field elementor-size-md  elementor-field-textual\" placeholder=\"Objet\">\n\t\t\t\t\t\t\t\t\t\t\t<\/div>\n\t\t\t\t\t\t\t\t<div class=\"elementor-field-type-textarea elementor-field-group elementor-column elementor-field-group-message elementor-col-100\">\n\t\t\t\t\t\t\t\t\t\t\t\t<label for=\"form-field-message\" class=\"elementor-field-label\">\n\t\t\t\t\t\t\t\tVotre message\t\t\t\t\t\t\t<\/label>\n\t\t\t\t\t\t<textarea class=\"elementor-field-textual elementor-field  elementor-size-md\" name=\"form_fields[message]\" id=\"form-field-message\" rows=\"7\" placeholder=\"Message\"><\/textarea>\t\t\t\t<\/div>\n\t\t\t\t\t\t\t\t<div class=\"elementor-field-group elementor-column elementor-field-type-submit elementor-col-100 e-form__buttons\">\n\t\t\t\t\t<button class=\"elementor-button elementor-size-lg\" type=\"submit\">\n\t\t\t\t\t\t<span class=\"elementor-button-content-wrapper\">\n\t\t\t\t\t\t\t\t\t\t\t\t\t\t\t\t\t\t\t\t\t\t<span class=\"elementor-button-text\">Envoyer le message<\/span>\n\t\t\t\t\t\t\t\t\t\t\t\t\t<\/span>\n\t\t\t\t\t<\/button>\n\t\t\t\t<\/div>\n\t\t\t<\/div>\n\t\t<\/form>\n\t\t\t\t\t\t<\/div>\n\t\t\t\t<\/div>\n\t\t\t\t\t<\/div>\n\t\t\t\t<\/div>\n\t\t\t\t<\/div>\n\t\t\t\t<\/div>\n\t\t","protected":false},"excerpt":{"rendered":"<p>Contactez-nous ! Secr\u00e9tariat Lun-Ven 9h30\u201311h30 (sauf jours f\u00e9ri\u00e9s) En p\u00e9riode de vacances : lun, mer, ven 9h30\u201311h30 \ud83d\udcde 02\/395.92.36 \u2709\ufe0f up.enghiensilly@gmail.com Cat\u00e9ch\u00e8se mer 16h30\u201318h30 \u00e0 l&rsquo;\u00e9glise d&rsquo;Enghien. C\u00f4t\u00e9 secr\u00e9tariat (sonner \u00e0 la petite porte face au caf\u00e9 \u00ab L&rsquo;Antre Temps \u00bb). Mme Martine Sohier, animatrice en pastorale \ud83d\udcde 02\/395.92.36 \u2709\ufe0f somarti64@yahoo.fr Pour toute question li\u00e9e&hellip;<\/p>\n","protected":false},"author":1,"featured_media":0,"parent":0,"menu_order":60,"comment_status":"closed","ping_status":"closed","template":"","meta":{"footnotes":""},"class_list":["post-13986","page","type-page","status-publish","hentry"],"_links":{"self":[{"href":"http:\/\/174.138.1.43\/index.php\/wp-json\/wp\/v2\/pages\/13986","targetHints":{"allow":["GET"]}}],"collection":[{"href":"http:\/\/174.138.1.43\/index.php\/wp-json\/wp\/v2\/pages"}],"about":[{"href":"http:\/\/174.138.1.43\/index.php\/wp-json\/wp\/v2\/types\/page"}],"author":[{"embeddable":true,"href":"http:\/\/174.138.1.43\/index.php\/wp-json\/wp\/v2\/users\/1"}],"replies":[{"embeddable":true,"href":"http:\/\/174.138.1.43\/index.php\/wp-json\/wp\/v2\/comments?post=13986"}],"version-history":[{"count":51,"href":"http:\/\/174.138.1.43\/index.php\/wp-json\/wp\/v2\/pages\/13986\/revisions"}],"predecessor-version":[{"id":20377,"href":"http:\/\/174.138.1.43\/index.php\/wp-json\/wp\/v2\/pages\/13986\/revisions\/20377"}],"wp:attachment":[{"href":"http:\/\/174.138.1.43\/index.php\/wp-json\/wp\/v2\/media?parent=13986"}],"curies":[{"name":"wp","href":"https:\/\/api.w.org\/{rel}","templated":true}]}}